 = -3*c(g) + 4*v(g). Determine w(0).
-3
Let i be 124/(-24) + (-3)/(-18). Let q be (i - -3) + 20/(-5). Let y(p) = -p**3 - 6*p**2 - p - 5. What is y(q)?
1
Let c = -4 + 6. Let k = c - 0. Let a(d) = 0*d**2 + k*d**3 - 2*d + 1 + 4*d**3 + 2*d**2. Calculate a(1).
7
Suppose 0 = 6*m - 2*m - 28. Suppose -8 = m*l - 3*l. Let q(y) = 1 + 2*y + 3*y - y. Give q(l).
-7
Let v(u) = u + 1. Let q(m) = -m**2 + 3*m + 4. Let r(o) = 2*q(o) - 7*v(o). Suppose -4*t + 24 = 4*f, 0 = 4*f - 3*t - t - 8. Suppose 3*i + f = i. Calculate r(i).
-5
Suppose -8 = -5*p + 12. Let a(g) = 2*g**3 - 3*g**3 + 3 - p*g**2 + 4*g + 3*g**2. What is a(-3)?
9
Let n(x) = -x**3 + 2*x**2 + 5*x - 2. Let i be n(3). Let o(s) = -1 + i*s**2 - 2*s**2 - 2 + 3*s - 3*s**2. Calculate o(4).
-7
Let d(q) = -q**2. Let j(w) = 4*w**2 - w + 2. Let b(x) = 2*d(x) + j(x). Calculate b(2).
8
Let j(w) be the first derivative of -w**3/6 - 3*w**2/2 - 2*w + 1. Let s(n) be the first derivative of j(n). Suppose 2*y - 1 = 7*y - p, 0 = -p + 1. What is s(y)?
-3
Let s(a) = a**2 - 7*a. Let q(i) = 2*i - 7. Suppose -3*j - 22 = -j. Let w(k) = 6*k - 20. Let b(u) = j*q(u) + 4*w(u). Let h be b(4). Calculate s(h).
-10
Let a be 20/(-6)*3/(-2). Let d(z) = z + 2. Let k(p) = 4*p + 6. Let i(c) = 7*d(c) - 2*k(c). Calculate i(a).
-3
Let a(p) = 1 - 9*p**2 - 4*p + 4*p. What is a(-1)?
-8
Let b(r) = 15*r**2 + 4 + 7*r - 12*r**2 + r**3 + 3*r**2. Give b(-5).
-6
Let b(r) = -r**2 - 4*r - 2. Let w be ((-3)/3 + 0)/(1/6). Give b(w).
-14
Let r(h) = -5*h**3 - 9*h**2 - 5*h + 1. Let x(c) = 6*c**3 + 10*c**2 + 5*c - 2. Let j(k) = -5*r(k) - 4*x(k). Let o = 12 + -15. Calculate j(o).
6
Let m(p) = -p**3 - 6*p**2 - 3*p - 5. Let t = 115 + -120. What is m(t)?
-15
Let p(n) = 6 - 109*n**2 + n**3 + 0*n**3 + 18*n + 128*n**2. Let h be p(-18). Let o(s) = -2*s + 1 + 0 + 6. Give o(h).
-5
Let j(x) = 2*x**2 + 6*x - 2 - x - 2*x - x**2. Let b(p) = -p + 1. Let s(q) = 7*q + 4. Let l(o) = -6*b(o) - s(o). Let z be l(-8). What is j(z)?
-4
Let h = 3 + -1. Let w(m) = 2*m**h - 2 + 7 - m - 3*m - m**2. Calculate w(4).
5
Let h(f) = 5*f. Let q(u) = -u. Let m(j) = 2*h(j) + 11*q(j). Let c = 6 - 4. What is m(c)?
-2
Let f = 14 + -19. Let h(s) = -4*s**2 - 4 - 7*s - s**2 + 4*s**2. Give h(f).
6
Suppose -2*c = 3*w + 7, -4 - 36 = 4*w - 5*c. Let j(y) = -y. What is j(w)?
5
Suppose 0 = 5*z - z. Suppose -4*c + c = -k - 19, -c - 3*k = 7. Let a(t) = c*t - 3*t - t - 2. Give a(z).
-2
Let h(t) = -t**2 + 2. Let q be ((-6)/(-9))/((-1)/(-3)). Suppose -q*w = -0*w. Let o(y) = y**3 + y**2 + 3. Let z be o(w). What is h(z)?
-7
Let v(c) be the second derivative of c**4/12 - 5*c**3/6 + c**2/2 + 29*c. Calculate v(5).
1
Suppose -24 = -2*b + u + 16, 0 = 4*b + 2*u - 80. Suppose 0*h = -4*h + b. Let i(g) be the first derivative of -g**2 - 10. Give i(h).
-10
Let w = -3 + 7. Let p be (0/w + -2)*2. Let u(x) = x**3 + 3*x**2 - 5*x - 5. Determine u(p).
-1
Let c be (2 - (-14)/(-5))*(-40)/16. Let d(q) = 11*q - 1. Give d(c).
21
Let d(g) = 11*g**2 + 5*g + 6. Let c(b) = 5*b**2 + 2*b + 3. Let a(l) = 9*c(l) - 4*d(l). Let u(p) be the first derivative of a(p). Let w = 6 - 3. Calculate u(w).
4
Let y(z) be the third derivative of -z**2 - 1/6*z**4 - 1/6*z**3 + 0*z + 0. Calculate y(3).
-13
Let u(o) = o + 1. Let x(q) = q**2 + 11*q + 9. Let a(s) = 4*u(s) - x(s). Determine a(-5).
5
Let o(c) = -c**3 - 3*c - c**2 + 9*c + 2*c - 9*c - 24. Calculate o(0).
-24
Let k be (27/(-6) - -3)*-4. Let a(j) = j**3 - 6*j**2 + j - 5. Give a(k).
1
Let r(g) = -g**2. Let k(z) = z**3 - 7*z**2 - z + 4. Let b(y) = -k(y) + 4*r(y). What is b(3)?
-1
Let u = 17 + -21. Let i(w) = -w**3 - 4*w**2 + 2*w + 2. Calculate i(u).
-6
Let h be (-63)/9 - (1 + 2). Let n(i) = i**2 + 9*i - 7. Calculate n(h).
3
Let y be (-3 + (2 - 0))*-1. Let o(k) = -2 + y - 3*k + 2*k - 6. Determine o(-3).
-4
Let g(n) be the second derivative of n**8/6720 + n**7/630 - n**5/40 + n**4/6 - n. Let s(o) be the third derivative of g(o). Give s(-3).
6
Let u = 127 + -122. Let k(t) be the first derivative of 1/3*t**3 - 1/2*t**4 - t + t**2 + u. Give k(2).
-9
Suppose -b - 11 + 4 = h, 0 = -4*h - 3*b - 27. Let w(y) = -y**3 - 7*y**2 - 6*y. Give w(h).
0
Let p(j) = 9*j**3 - 13*j**3 + j + j + 3*j**3 - j**2. Determine p(-2).
0
Let a(n) be the third derivative of n**7/2520 - n**6/180 - n**5/120 + n**4/12 - 4*n**2. Let u(d) be the second derivative of a(d). Give u(3).
-4
Suppose -6*t - 10 - 26 = 0. Let u(l) = 0*l + 2*l - l**2 - 2 - 8*l. Calculate u(t).
-2
Let a(y) be the first derivative of y**2/2 - 4*y + 1. Suppose 14*c + 5 = 75. What is a(c)?
1
Let y(a) = -a**2 - a - 1. Let r(s) = -4*s + 7. Let l(u) = r(u) + y(u). Suppose -8*m - 40 = -0. Calculate l(m).
6
Let j(c) = -c + 13. Suppose -4*g + 3*d - 3 = 0, 2*d + 1 - 3 = -5*g. What is j(g)?
13
Let a(t) = 1 - 1 + t + 5 - 2. Let l(s) = -3*s - 7. Let q(g) = -5*a(g) - 2*l(g). Suppose -r + 2*v = -2, -3*r = -0*v - v - 11. Calculate q(r).
3
Let m(k) = -7*k**2 - 4*k + 8. Let a(x) = x**2 + x - 1. Let u(j) = -5*a(j) - m(j). Let g(y) be the first derivative of u(y). Determine g(-2).
-9
Suppose g = -2*c - 3 - 0, 6 = -g - 3*c. Let v(l) = l + g*l - l + 1. What is v(1)?
4
Let b(q) = 16 + 11 - 10*q - 23 - q**2. Give b(-9).
13
Let w(f) = f**2 - 3*f - 4. Let t(z) = -6*z**2 + 15*z + 21. Let y(i) = -2*t(i) - 11*w(i). Suppose -2*g - g = 12. Give y(g).
6
Let w(g) = 2*g**3 - g**2 + 6*g + 2. Let u(j) be the first derivative of -j**4/4 - 3*j**2/2 - j + 8. Let b(r) = -7*u(r) - 3*w(r). Give b(-3).
-8
Let m(y) be the first derivative of 2*y**3 - 21. Calculate m(-1).
6
Let s = 1 - -2. Let n = 4 - 1. Let o(x) = 8*x - 5*x + s - n. Calculate o(2).
6
Suppose -2*k = -3*k. Let z(w) be the third derivative of 0 + 1/15*w**6 + 1/30*w**5 - w**2 + k*w + 1/24*w**4 + 0*w**3. Determine z(-1).
-7
Let u be (-9)/(-6)*(-30)/(-9). Let l(g) = -3*g - 2*g**2 + 3*g**2 - 15 + 13. Determine l(u).
8
Let i(u) be the second derivative of u**4/12 + u**3/6 - u. Let n = -70 + 69. Calculate i(n).
0
Let a be (-1 - -2)*2*3. Let d(g) = -g**3 + 8*g**2 - g. Let b(y) = 4*y**3 - 33*y**2 + 4*y + 1. Let w(z) = -2*b(z) - 9*d(z). What is w(a)?
4
Suppose -2*z + 7 = -7. Suppose 0 = 3*l - z - 8. Let j(p) = -4*p + 19. Let h(f) = 2*f - 10. Let c(q) = l*h(q) + 3*j(q). Calculate c(6).
-5
Let v(i) = -i**2 - 10*i + 5. Let z be v(-10). Suppose -5*h + z*n = 10, -h - n + 10 = 2*n. Let l(r) = 4*r**3 + r**2 + r - 1. Calculate l(h).
5
Let s(b) = b**2 - 7*b + 3. Let k be s(6). Suppose 4 - 16 = -4*m. Let t(r) = -m - 4*r**2 + 6*r**2 + 3*r - 2*r - r**2. What is t(k)?
3
Let z be 7 + -9 + (2 - -1). Let u be 3 - z*(-2 + 1). Let o(f) = f - 3. Calculate o(u).
1
Let l(k) be the first derivative of -k**4/4 - k**3/3 + 3*k**2/2 + 2*k + 1. Let t = 8 - 10. Determine l(t).
0
Let l(y) be the second derivative of -y**4/12 + y**3/2 + 2*y**2 + y. Suppose -4*f - 8 = 2*j, -2*j + 24 = -2*f + 8. Give l(j).
0
Let c(j) = -3*j - 7 + 14 + 2*j. Let n be 10/(-1)*1/(-2). Suppose 0 = 3*w + 12, 2*w = -n*i + 5*w + 12. Determine c(i).
7
Let r(g) be the second derivative of -g**4/12 + 2*g**3/3 - 3*g**2/2 - g. Let o = 15 + -4. Suppose -4*c = -5*s - o, -25 = -5*c + 2*s - 7. Give r(c).
-3
Let u(q) = 2*q - 9. Let g be u(8). Let i(j) = -j + 6. Determine i(g).
-1
Let x = 6 + -6. Let s(y) = 0*y + 2*y + 3 + x*y. Suppose 2*m + 0*m = 4*o - 10, 0 = 5*m + 3*o + 25. Give s(m).
-7
Let k(b) be the first derivative of 2*b**3/3 - 3*b**2/2 - 4*b - 1. Let c = 155 - 152. Give k(c).
5
Let v(q) = 13*q**3 - 21*q**2 - 23*q + 17. Let o(s) = -7*s**3 + 11*s**2 + 12*s - 9. Let m(j) = 11*o(j) + 6*v(j). Calculate m(6).
3
Let o(r) = -4*r**2 - 8*r**3 - 6 + 9*r**3 + 2*r + 0*r**3 + r. Determine o(4).
6
Let i(m) = -6*m + 5. Let d(l) = -3*l + 2. Let g(n) = 7*d(n) - 3*i(n). Give g(-5).
14
Let s(g) be the third derivative of 0*g + 8*g**2 + 1/6*g**3 + 0 + 1/24*g**4. What is s(4)?
5
Let f(w) be the first derivative of -w**3/6 - 7*w**2/2 + 4*w + 6. Let s(h) be the first derivative of f(h). Calculate s(-5).
-2
Let c(w) be the third derivative of w**5/60 - w**4/4 + w**3/2 - w**2. Suppose 0 = 3*a - a + 4. Let v be a*(3 - (3 - -2)). Give c(v).
-5
Let h = 0 + 0. Suppose 0 = -4*y + 4. Let q(l) = y - 2 - 5*l + h. Calculate q(-2).
9
Let p(c) = -8*c + 1. Let q(g) = -17*g + 2. Let o(v) = -9*p(v) + 4*q(v). Determine o(-1).
-5
Let u(j) = -4*j + 33. Let f be u(7). Let o(v) = v**3 - 4*v**2 - 6*v + 7. Calculate o(f).
2
Let y(i) = -i - 4. Let j(l) = -l - 